{"id":11254,"date":"2021-10-07T18:43:12","date_gmt":"2021-10-07T18:43:12","guid":{"rendered":"http:\/\/zsp-lasin.pl\/?page_id=11254"},"modified":"2021-10-07T18:49:38","modified_gmt":"2021-10-07T18:49:38","slug":"maly-samorzadzik-rok-szkolny-2019-2020","status":"publish","type":"page","link":"http:\/\/zsp-lasin.pl\/?page_id=11254","title":{"rendered":"Ma\u0142y samorz\u0105dzik rok szkolny 2019\/2020"},"content":{"rendered":"<p><center><\/center><center><\/center><center><\/center><center><\/center><center><\/center><center><a href=\"http:\/\/zsp-lasin.pl\/wp-content\/uploads\/2019\/10\/Samorz\u00a6\u016fdzik.png\"><img fetchpriority=\"high\" class=\"aligncenter wp-image-5927 size-full\" src=\"http:\/\/zsp-lasin.pl\/wp-content\/uploads\/2019\/10\/Samorz\u00a6\u016fdzik.png\" alt=\"\" width=\"901\" height=\"627\" srcset=\"http:\/\/zsp-lasin.pl\/wp-content\/uploads\/2019\/10\/Samorz\u00a6\u016fdzik.png 901w, http:\/\/zsp-lasin.pl\/wp-content\/uploads\/2019\/10\/Samorz\u00a6\u016fdzik-300x209.png 300w, http:\/\/zsp-lasin.pl\/wp-content\/uploads\/2019\/10\/Samorz\u00a6\u016fdzik-768x534.png 768w, http:\/\/zsp-lasin.pl\/wp-content\/uploads\/2019\/10\/Samorz\u00a6\u016fdzik-360x251.png 360w\" sizes=\"(max-width: 901px) 100vw, 901px\" \/><\/a><\/center><center><span style=\"font-size: 24pt; color: #000000;\"><strong>Dzia\u0142alno\u015b\u0107<\/strong><\/span><\/center><center><a href=\"http:\/\/zsp-lasin.pl\/wp-content\/uploads\/2020\/03\/8-marca.jpg\"><img class=\"aligncenter wp-image-7834 size-full\" src=\"http:\/\/zsp-lasin.pl\/wp-content\/uploads\/2020\/03\/8-marca.jpg\" alt=\"\" width=\"666\" height=\"778\" srcset=\"http:\/\/zsp-lasin.pl\/wp-content\/uploads\/2020\/03\/8-marca.jpg 666w, http:\/\/zsp-lasin.pl\/wp-content\/uploads\/2020\/03\/8-marca-257x300.jpg 257w, http:\/\/zsp-lasin.pl\/wp-content\/uploads\/2020\/03\/8-marca-231x270.jpg 231w\" sizes=\"(max-width: 666px) 100vw, 666px\" \/><\/a><\/center><center><\/center><center><\/center><center><a href=\"http:\/\/zsp-lasin.pl\/wp-content\/uploads\/2020\/02\/1-marca.png\"><img class=\"aligncenter wp-image-7774 size-large\" src=\"http:\/\/zsp-lasin.pl\/wp-content\/uploads\/2020\/02\/1-marca-764x1024.png\" alt=\"\" width=\"640\" height=\"858\" srcset=\"http:\/\/zsp-lasin.pl\/wp-content\/uploads\/2020\/02\/1-marca-764x1024.png 764w, http:\/\/zsp-lasin.pl\/wp-content\/uploads\/2020\/02\/1-marca-224x300.png 224w, http:\/\/zsp-lasin.pl\/wp-content\/uploads\/2020\/02\/1-marca-768x1030.png 768w, http:\/\/zsp-lasin.pl\/wp-content\/uploads\/2020\/02\/1-marca-201x270.png 201w, http:\/\/zsp-lasin.pl\/wp-content\/uploads\/2020\/02\/1-marca.png 869w\" sizes=\"(max-width: 640px) 100vw, 640px\" \/><\/a><\/center><center><\/center><center><\/center><center><div id=\"su_carousel_69f72e083bb7c\" class=\"su-carousel su-carousel-centered su-carousel-pages-no su-carousel-responsive-yes su-lightbox-gallery\" style=\"width:100%\" data-autoplay=\"5900\" data-speed=\"300\" data-mousewheel=\"true\" data-items=\"3\" data-scroll=\"1\"><div class=\"su-carousel-slides\"><div class=\"su-carousel-slide\"><a href=\"http:\/\/zsp-lasin.pl\/wp-content\/uploads\/2020\/02\/Ania1-1.jpg\" title=\"Ania1\"><img src=\"http:\/\/zsp-lasin.pl\/wp-content\/uploads\/2020\/02\/Ania1-1-202x160.jpg\" alt=\"Ania1\" \/><\/a><\/div><div class=\"su-carousel-slide\"><a href=\"http:\/\/zsp-lasin.pl\/wp-content\/uploads\/2020\/02\/Pan-Kleks.jpg\" title=\"Pan Kleks\"><img src=\"http:\/\/zsp-lasin.pl\/wp-content\/uploads\/2020\/02\/Pan-Kleks-202x160.jpg\" alt=\"Pan Kleks\" \/><\/a><\/div><div class=\"su-carousel-slide\"><a href=\"http:\/\/zsp-lasin.pl\/wp-content\/uploads\/2020\/02\/Pipi.jpg\" title=\"Pipi\"><img src=\"http:\/\/zsp-lasin.pl\/wp-content\/uploads\/2020\/02\/Pipi-202x160.jpg\" alt=\"Pipi\" \/><\/a><\/div><div class=\"su-carousel-slide\"><a href=\"http:\/\/zsp-lasin.pl\/wp-content\/uploads\/2020\/02\/Ron.jpg\" title=\"Ron\"><img src=\"http:\/\/zsp-lasin.pl\/wp-content\/uploads\/2020\/02\/Ron-202x160.jpg\" alt=\"Ron\" \/><\/a><\/div><div class=\"su-carousel-slide\"><a href=\"http:\/\/zsp-lasin.pl\/wp-content\/uploads\/2020\/02\/Tomek.jpg\" title=\"Tomek\"><img src=\"http:\/\/zsp-lasin.pl\/wp-content\/uploads\/2020\/02\/Tomek-202x160.jpg\" alt=\"Tomek\" \/><\/a><\/div><\/div><div class=\"su-carousel-nav\"><div class=\"su-carousel-direction\"><span class=\"su-carousel-prev\"><\/span><span class=\"su-carousel-next\"><\/span><\/div><div class=\"su-carousel-pagination\"><\/div><\/div><\/div><\/center><center><\/center><center><\/center><center><a href=\"http:\/\/zsp-lasin.pl\/wp-content\/uploads\/2019\/12\/pobrane.jpg\"><img loading=\"lazy\" class=\"aligncenter wp-image-7066 size-full\" src=\"http:\/\/zsp-lasin.pl\/wp-content\/uploads\/2019\/12\/pobrane.jpg\" alt=\"\" width=\"596\" height=\"770\" srcset=\"http:\/\/zsp-lasin.pl\/wp-content\/uploads\/2019\/12\/pobrane.jpg 596w, http:\/\/zsp-lasin.pl\/wp-content\/uploads\/2019\/12\/pobrane-232x300.jpg 232w, http:\/\/zsp-lasin.pl\/wp-content\/uploads\/2019\/12\/pobrane-209x270.jpg 209w\" sizes=\"(max-width: 596px) 100vw, 596px\" \/><\/a><\/center><center><\/center><center><\/center><center><\/center><center><\/center><center><a href=\"http:\/\/zsp-lasin.pl\/wp-content\/uploads\/2019\/12\/6-XII.gif\"><img loading=\"lazy\" class=\"aligncenter wp-image-6712 size-full\" src=\"http:\/\/zsp-lasin.pl\/wp-content\/uploads\/2019\/12\/6-XII.gif\" alt=\"\" width=\"400\" height=\"400\" \/><\/a><\/center><center><\/center><center><\/center><center><a href=\"http:\/\/zsp-lasin.pl\/wp-content\/uploads\/2019\/12\/21-listopad.png\"><img loading=\"lazy\" class=\"aligncenter wp-image-6711 size-full\" src=\"http:\/\/zsp-lasin.pl\/wp-content\/uploads\/2019\/12\/21-listopad.png\" alt=\"\" width=\"635\" height=\"450\" srcset=\"http:\/\/zsp-lasin.pl\/wp-content\/uploads\/2019\/12\/21-listopad.png 635w, http:\/\/zsp-lasin.pl\/wp-content\/uploads\/2019\/12\/21-listopad-300x213.png 300w, http:\/\/zsp-lasin.pl\/wp-content\/uploads\/2019\/12\/21-listopad-360x255.png 360w\" sizes=\"(max-width: 635px) 100vw, 635px\" \/><\/a><\/center><center><\/center><center><\/center><center><\/center><center><\/center><center><a href=\"http:\/\/zsp-lasin.pl\/wp-content\/uploads\/2019\/10\/5-1.jpg\"><img loading=\"lazy\" class=\"aligncenter wp-image-6082 size-full\" src=\"http:\/\/zsp-lasin.pl\/wp-content\/uploads\/2019\/10\/5-1.jpg\" alt=\"\" width=\"675\" height=\"722\" srcset=\"http:\/\/zsp-lasin.pl\/wp-content\/uploads\/2019\/10\/5-1.jpg 675w, http:\/\/zsp-lasin.pl\/wp-content\/uploads\/2019\/10\/5-1-280x300.jpg 280w, http:\/\/zsp-lasin.pl\/wp-content\/uploads\/2019\/10\/5-1-252x270.jpg 252w\" sizes=\"(max-width: 675px) 100vw, 675px\" \/><\/a><\/center><center><a href=\"http:\/\/zsp-lasin.pl\/wp-content\/uploads\/2019\/10\/6-1.jpg\"><img loading=\"lazy\" class=\"aligncenter wp-image-6083 size-large\" src=\"http:\/\/zsp-lasin.pl\/wp-content\/uploads\/2019\/10\/6-1-1024x929.jpg\" alt=\"\" width=\"640\" height=\"581\" srcset=\"http:\/\/zsp-lasin.pl\/wp-content\/uploads\/2019\/10\/6-1-1024x929.jpg 1024w, http:\/\/zsp-lasin.pl\/wp-content\/uploads\/2019\/10\/6-1-300x272.jpg 300w, http:\/\/zsp-lasin.pl\/wp-content\/uploads\/2019\/10\/6-1-768x696.jpg 768w, http:\/\/zsp-lasin.pl\/wp-content\/uploads\/2019\/10\/6-1-298x270.jpg 298w, http:\/\/zsp-lasin.pl\/wp-content\/uploads\/2019\/10\/6-1.jpg 1920w\" sizes=\"(max-width: 640px) 100vw, 640px\" \/><\/a><\/center><center><\/center><center><\/center><center><a href=\"http:\/\/zsp-lasin.pl\/wp-content\/uploads\/2019\/10\/1-2.jpg\"><img loading=\"lazy\" class=\"aligncenter wp-image-6079 size-large\" src=\"http:\/\/zsp-lasin.pl\/wp-content\/uploads\/2019\/10\/1-2-591x1024.jpg\" alt=\"\" width=\"591\" height=\"1024\" srcset=\"http:\/\/zsp-lasin.pl\/wp-content\/uploads\/2019\/10\/1-2-591x1024.jpg 591w, http:\/\/zsp-lasin.pl\/wp-content\/uploads\/2019\/10\/1-2-173x300.jpg 173w, http:\/\/zsp-lasin.pl\/wp-content\/uploads\/2019\/10\/1-2-768x1332.jpg 768w, http:\/\/zsp-lasin.pl\/wp-content\/uploads\/2019\/10\/1-2-156x270.jpg 156w, http:\/\/zsp-lasin.pl\/wp-content\/uploads\/2019\/10\/1-2.jpg 1920w\" sizes=\"(max-width: 591px) 100vw, 591px\" \/><\/a><\/center><center><a href=\"http:\/\/zsp-lasin.pl\/wp-content\/uploads\/2019\/10\/2-2.jpg\"><img loading=\"lazy\" class=\"aligncenter wp-image-6080 size-large\" src=\"http:\/\/zsp-lasin.pl\/wp-content\/uploads\/2019\/10\/2-2-1016x1024.jpg\" alt=\"\" width=\"640\" height=\"645\" srcset=\"http:\/\/zsp-lasin.pl\/wp-content\/uploads\/2019\/10\/2-2-1016x1024.jpg 1016w, http:\/\/zsp-lasin.pl\/wp-content\/uploads\/2019\/10\/2-2-150x150.jpg 150w, http:\/\/zsp-lasin.pl\/wp-content\/uploads\/2019\/10\/2-2-298x300.jpg 298w, http:\/\/zsp-lasin.pl\/wp-content\/uploads\/2019\/10\/2-2-768x774.jpg 768w, http:\/\/zsp-lasin.pl\/wp-content\/uploads\/2019\/10\/2-2-268x270.jpg 268w, http:\/\/zsp-lasin.pl\/wp-content\/uploads\/2019\/10\/2-2.jpg 1920w\" sizes=\"(max-width: 640px) 100vw, 640px\" \/><\/a><\/center><center><a href=\"http:\/\/zsp-lasin.pl\/wp-content\/uploads\/2019\/10\/3-2.jpg\"><img loading=\"lazy\" class=\"aligncenter wp-image-6081 size-full\" src=\"http:\/\/zsp-lasin.pl\/wp-content\/uploads\/2019\/10\/3-2.jpg\" alt=\"\" width=\"571\" height=\"372\" srcset=\"http:\/\/zsp-lasin.pl\/wp-content\/uploads\/2019\/10\/3-2.jpg 571w, http:\/\/zsp-lasin.pl\/wp-content\/uploads\/2019\/10\/3-2-300x195.jpg 300w, http:\/\/zsp-lasin.pl\/wp-content\/uploads\/2019\/10\/3-2-360x235.jpg 360w\" sizes=\"(max-width: 571px) 100vw, 571px\" \/><\/a><\/center><center><a href=\"http:\/\/zsp-lasin.pl\/wp-content\/uploads\/2019\/10\/4-2.jpg\"><img loading=\"lazy\" class=\"aligncenter wp-image-6086 size-large\" src=\"http:\/\/zsp-lasin.pl\/wp-content\/uploads\/2019\/10\/4-2-498x1024.jpg\" alt=\"\" width=\"498\" height=\"1024\" srcset=\"http:\/\/zsp-lasin.pl\/wp-content\/uploads\/2019\/10\/4-2-498x1024.jpg 498w, http:\/\/zsp-lasin.pl\/wp-content\/uploads\/2019\/10\/4-2-146x300.jpg 146w, http:\/\/zsp-lasin.pl\/wp-content\/uploads\/2019\/10\/4-2-768x1580.jpg 768w, http:\/\/zsp-lasin.pl\/wp-content\/uploads\/2019\/10\/4-2-131x270.jpg 131w, http:\/\/zsp-lasin.pl\/wp-content\/uploads\/2019\/10\/4-2.jpg 1920w\" sizes=\"(max-width: 498px) 100vw, 498px\" \/><\/a><\/center><center><\/center><center><\/center><center><\/center><center><\/center><center><a href=\"http:\/\/zsp-lasin.pl\/wp-content\/uploads\/2019\/10\/1.jpg\"><img loading=\"lazy\" class=\"aligncenter wp-image-5929 size-large\" src=\"http:\/\/zsp-lasin.pl\/wp-content\/uploads\/2019\/10\/1-616x1024.jpg\" alt=\"\" width=\"616\" height=\"1024\" srcset=\"http:\/\/zsp-lasin.pl\/wp-content\/uploads\/2019\/10\/1-616x1024.jpg 616w, http:\/\/zsp-lasin.pl\/wp-content\/uploads\/2019\/10\/1-180x300.jpg 180w, http:\/\/zsp-lasin.pl\/wp-content\/uploads\/2019\/10\/1-768x1277.jpg 768w, http:\/\/zsp-lasin.pl\/wp-content\/uploads\/2019\/10\/1-162x270.jpg 162w, http:\/\/zsp-lasin.pl\/wp-content\/uploads\/2019\/10\/1.jpg 1920w\" sizes=\"(max-width: 616px) 100vw, 616px\" \/><\/a><\/center><center><\/center><center><\/center><center><\/center><center><\/center><center><a href=\"http:\/\/zsp-lasin.pl\/wp-content\/uploads\/2019\/10\/2.jpg\"><img loading=\"lazy\" class=\"aligncenter wp-image-5930 size-large\" src=\"http:\/\/zsp-lasin.pl\/wp-content\/uploads\/2019\/10\/2-882x1024.jpg\" alt=\"\" width=\"640\" height=\"743\" srcset=\"http:\/\/zsp-lasin.pl\/wp-content\/uploads\/2019\/10\/2-882x1024.jpg 882w, http:\/\/zsp-lasin.pl\/wp-content\/uploads\/2019\/10\/2-258x300.jpg 258w, http:\/\/zsp-lasin.pl\/wp-content\/uploads\/2019\/10\/2-768x892.jpg 768w, http:\/\/zsp-lasin.pl\/wp-content\/uploads\/2019\/10\/2-232x270.jpg 232w, http:\/\/zsp-lasin.pl\/wp-content\/uploads\/2019\/10\/2.jpg 1920w\" sizes=\"(max-width: 640px) 100vw, 640px\" \/><\/a><\/center><center><\/center><center><\/center><center><\/center><center><a href=\"http:\/\/zsp-lasin.pl\/wp-content\/uploads\/2019\/10\/3.jpg\"><img loading=\"lazy\" class=\"aligncenter wp-image-5931 size-large\" src=\"http:\/\/zsp-lasin.pl\/wp-content\/uploads\/2019\/10\/3-1024x513.jpg\" alt=\"\" width=\"640\" height=\"321\" srcset=\"http:\/\/zsp-lasin.pl\/wp-content\/uploads\/2019\/10\/3-1024x513.jpg 1024w, http:\/\/zsp-lasin.pl\/wp-content\/uploads\/2019\/10\/3-300x150.jpg 300w, http:\/\/zsp-lasin.pl\/wp-content\/uploads\/2019\/10\/3-768x385.jpg 768w, http:\/\/zsp-lasin.pl\/wp-content\/uploads\/2019\/10\/3-360x180.jpg 360w, http:\/\/zsp-lasin.pl\/wp-content\/uploads\/2019\/10\/3.jpg 1920w\" sizes=\"(max-width: 640px) 100vw, 640px\" \/><\/a><\/center><center><\/center><center><a href=\"http:\/\/zsp-lasin.pl\/wp-content\/uploads\/2019\/10\/4.jpg\"><img loading=\"lazy\" class=\"aligncenter wp-image-5932 size-large\" src=\"http:\/\/zsp-lasin.pl\/wp-content\/uploads\/2019\/10\/4-1024x629.jpg\" alt=\"\" width=\"640\" height=\"393\" srcset=\"http:\/\/zsp-lasin.pl\/wp-content\/uploads\/2019\/10\/4-1024x629.jpg 1024w, http:\/\/zsp-lasin.pl\/wp-content\/uploads\/2019\/10\/4-300x184.jpg 300w, http:\/\/zsp-lasin.pl\/wp-content\/uploads\/2019\/10\/4-768x472.jpg 768w, http:\/\/zsp-lasin.pl\/wp-content\/uploads\/2019\/10\/4-360x221.jpg 360w, http:\/\/zsp-lasin.pl\/wp-content\/uploads\/2019\/10\/4.jpg 1920w\" sizes=\"(max-width: 640px) 100vw, 640px\" \/><\/a><\/center><center><\/center><center><\/center><center><\/center><center><a href=\"http:\/\/zsp-lasin.pl\/wp-content\/uploads\/2019\/09\/Dzien-Chlopaka.jpg\"><img loading=\"lazy\" class=\"aligncenter wp-image-5868 size-large\" src=\"http:\/\/zsp-lasin.pl\/wp-content\/uploads\/2019\/09\/Dzien-Chlopaka-1024x422.jpg\" alt=\"\" width=\"640\" height=\"264\" srcset=\"http:\/\/zsp-lasin.pl\/wp-content\/uploads\/2019\/09\/Dzien-Chlopaka-1024x422.jpg 1024w, http:\/\/zsp-lasin.pl\/wp-content\/uploads\/2019\/09\/Dzien-Chlopaka-300x124.jpg 300w, http:\/\/zsp-lasin.pl\/wp-content\/uploads\/2019\/09\/Dzien-Chlopaka-768x317.jpg 768w, http:\/\/zsp-lasin.pl\/wp-content\/uploads\/2019\/09\/Dzien-Chlopaka-360x148.jpg 360w, http:\/\/zsp-lasin.pl\/wp-content\/uploads\/2019\/09\/Dzien-Chlopaka.jpg 1596w\" sizes=\"(max-width: 640px) 100vw, 640px\" \/><\/a><\/center><center><\/center><center><a href=\"http:\/\/zsp-lasin.pl\/wp-content\/uploads\/2019\/09\/Super-ch\u00e9opak.png\"><img loading=\"lazy\" class=\"aligncenter wp-image-5867\" src=\"http:\/\/zsp-lasin.pl\/wp-content\/uploads\/2019\/09\/Super-ch\u00e9opak-300x216.png\" alt=\"\" width=\"455\" height=\"328\" srcset=\"http:\/\/zsp-lasin.pl\/wp-content\/uploads\/2019\/09\/Super-ch\u00e9opak-300x216.png 300w, http:\/\/zsp-lasin.pl\/wp-content\/uploads\/2019\/09\/Super-ch\u00e9opak-768x553.png 768w, http:\/\/zsp-lasin.pl\/wp-content\/uploads\/2019\/09\/Super-ch\u00e9opak-360x259.png 360w, http:\/\/zsp-lasin.pl\/wp-content\/uploads\/2019\/09\/Super-ch\u00e9opak.png 870w\" sizes=\"(max-width: 455px) 100vw, 455px\" \/><\/a><\/center><\/p>\n","protected":false},"excerpt":{"rendered":"<p>Dzia\u0142alno\u015b\u0107<\/p>\n","protected":false},"author":1,"featured_media":0,"parent":0,"menu_order":0,"comment_status":"closed","ping_status":"closed","template":"","meta":[],"_links":{"self":[{"href":"http:\/\/zsp-lasin.pl\/index.php?rest_route=\/wp\/v2\/pages\/11254"}],"collection":[{"href":"http:\/\/zsp-lasin.pl\/index.php?rest_route=\/wp\/v2\/pages"}],"about":[{"href":"http:\/\/zsp-lasin.pl\/index.php?rest_route=\/wp\/v2\/types\/page"}],"author":[{"embeddable":true,"href":"http:\/\/zsp-lasin.pl\/index.php?rest_route=\/wp\/v2\/users\/1"}],"replies":[{"embeddable":true,"href":"http:\/\/zsp-lasin.pl\/index.php?rest_route=%2Fwp%2Fv2%2Fcomments&post=11254"}],"version-history":[{"count":3,"href":"http:\/\/zsp-lasin.pl\/index.php?rest_route=\/wp\/v2\/pages\/11254\/revisions"}],"predecessor-version":[{"id":11261,"href":"http:\/\/zsp-lasin.pl\/index.php?rest_route=\/wp\/v2\/pages\/11254\/revisions\/11261"}],"wp:attachment":[{"href":"http:\/\/zsp-lasin.pl\/index.php?rest_route=%2Fwp%2Fv2%2Fmedia&parent=11254"}],"curies":[{"name":"wp","href":"https:\/\/api.w.org\/{rel}","templated":true}]}}