{"id":11318,"date":"2021-10-10T09:27:10","date_gmt":"2021-10-10T09:27:10","guid":{"rendered":"http:\/\/zsp-lasin.pl\/?page_id=11318"},"modified":"2021-10-10T09:29:25","modified_gmt":"2021-10-10T09:29:25","slug":"rok-szkolny-2020-2021","status":"publish","type":"page","link":"http:\/\/zsp-lasin.pl\/?page_id=11318","title":{"rendered":"Rok szkolny 2020\/2021"},"content":{"rendered":"<p style=\"text-align: center;\"><span style=\"color: #000000;\"><strong><span style=\"font-size: 12pt;\"><a href=\"http:\/\/zsp-lasin.pl\/wp-content\/uploads\/2018\/11\/sp.png\"><img fetchpriority=\"high\" class=\"aligncenter wp-image-2463\" src=\"http:\/\/zsp-lasin.pl\/wp-content\/uploads\/2018\/11\/sp.png\" alt=\"\" width=\"480\" height=\"300\" srcset=\"http:\/\/zsp-lasin.pl\/wp-content\/uploads\/2018\/11\/sp.png 560w, http:\/\/zsp-lasin.pl\/wp-content\/uploads\/2018\/11\/sp-300x188.png 300w, http:\/\/zsp-lasin.pl\/wp-content\/uploads\/2018\/11\/sp-360x225.png 360w\" sizes=\"(max-width: 480px) 100vw, 480px\" \/><\/a><\/span><\/strong><\/span><\/p>\n<p style=\"text-align: center;\"><span style=\"font-size: 14pt; color: #e86127;\"><strong>Rok szkolny 2020\/2021<\/strong><\/span><\/p>\n<p style=\"text-align: center;\"><span style=\"color: #000000;\"><strong><span style=\"font-size: 12pt;\">Mistrzostwo\u00a0powiatu grudzi\u0105dzkiego <\/span><\/strong><\/span><\/p>\n<p><span style=\"color: #000000;\">Dnia 29 wrze\u015bnia zdobyli\u015bmy mistrzostwo powiatu grudzi\u0105dzkiego w pi\u0142ce no\u017cnej ch\u0142opc\u00f3w rocznik 2006- 2007.<\/span><\/p>\n<p><span style=\"color: #000000;\">mecze w grupie:<span class=\"text_exposed_show\"><br \/>\n\u0141asin 10: 0 Szembruczek<br \/>\nGruta 3:2 Szembruczek<br \/>\n\u0141asin 2:0 Gruta<\/span><\/span><\/p>\n<div class=\"text_exposed_show\">\n<p><span style=\"color: #000000;\">W finale wygrywamy po dogrywce.<\/span><br \/>\n<span style=\"color: #000000;\">\u0141asin 2:0 Sztynwag<\/span><\/p>\n<p><span style=\"color: #000000;\"><div id=\"su_carousel_69f88676a2d59\" class=\"su-carousel su-carousel-centered su-carousel-pages-no su-carousel-responsive-yes su-lightbox-gallery\" style=\"width:100%\" data-autoplay=\"5900\" data-speed=\"300\" data-mousewheel=\"true\" data-items=\"3\" data-scroll=\"1\"><div class=\"su-carousel-slides\"><div class=\"su-carousel-slide\"><a href=\"http:\/\/zsp-lasin.pl\/wp-content\/uploads\/2020\/09\/120189529_799370114191186_4788372742672101307_n.jpg\" title=\"120189529_799370114191186_4788372742672101307_n\"><img src=\"http:\/\/zsp-lasin.pl\/wp-content\/uploads\/2020\/09\/120189529_799370114191186_4788372742672101307_n-202x160.jpg\" alt=\"120189529_799370114191186_4788372742672101307_n\" \/><\/a><\/div><div class=\"su-carousel-slide\"><a href=\"http:\/\/zsp-lasin.pl\/wp-content\/uploads\/2020\/09\/120345505_799370147524516_8723984355335879868_n.jpg\" title=\"120345505_799370147524516_8723984355335879868_n\"><img src=\"http:\/\/zsp-lasin.pl\/wp-content\/uploads\/2020\/09\/120345505_799370147524516_8723984355335879868_n-202x160.jpg\" alt=\"120345505_799370147524516_8723984355335879868_n\" \/><\/a><\/div><div class=\"su-carousel-slide\"><a href=\"http:\/\/zsp-lasin.pl\/wp-content\/uploads\/2020\/09\/120357193_799370187524512_8478311814102191909_n.jpg\" title=\"120357193_799370187524512_8478311814102191909_n\"><img src=\"http:\/\/zsp-lasin.pl\/wp-content\/uploads\/2020\/09\/120357193_799370187524512_8478311814102191909_n-202x160.jpg\" alt=\"120357193_799370187524512_8478311814102191909_n\" \/><\/a><\/div><\/div><div class=\"su-carousel-nav\"><div class=\"su-carousel-direction\"><span class=\"su-carousel-prev\"><\/span><span class=\"su-carousel-next\"><\/span><\/div><div class=\"su-carousel-pagination\"><\/div><\/div><\/div><\/span><\/p>\n<p style=\"text-align: right;\"><span style=\"font-size: 8pt; color: #000000;\"><em>(\u017ar\u00f3d\u0142o: SP \u0141asin)<\/em><\/span><\/p>\n<\/div>\n<p style=\"text-align: center;\"><span style=\"color: #000000;\"><strong><span style=\"font-size: 12pt;\">Zawody sportowe<\/span><\/strong><\/span><\/p>\n<p style=\"text-align: left;\"><span style=\"font-size: 10pt; color: #000000;\">Pierwsze gminne zawody sportowe, pierwsze wyniki, pierwsze gratulacje. Etap powiatowy dla zwyci\u0119zc\u00f3w ju\u017c 29 wrze\u015bnia 2020 r. w W\u0119growie.<div id=\"su_carousel_69f88676a3bf1\" class=\"su-carousel su-carousel-centered su-carousel-pages-no su-carousel-responsive-yes su-lightbox-gallery\" style=\"width:100%\" data-autoplay=\"5900\" data-speed=\"300\" data-mousewheel=\"true\" data-items=\"3\" data-scroll=\"1\"><div class=\"su-carousel-slides\"><div class=\"su-carousel-slide\"><a href=\"http:\/\/zsp-lasin.pl\/wp-content\/uploads\/2020\/09\/120194427_796255011169363_4781935059367224581_n.jpg\" title=\"120194427_796255011169363_4781935059367224581_n\"><img src=\"http:\/\/zsp-lasin.pl\/wp-content\/uploads\/2020\/09\/120194427_796255011169363_4781935059367224581_n-202x160.jpg\" alt=\"120194427_796255011169363_4781935059367224581_n\" \/><\/a><\/div><div class=\"su-carousel-slide\"><a href=\"http:\/\/zsp-lasin.pl\/wp-content\/uploads\/2020\/09\/120231017_796254937836037_3498448440888336133_n.jpg\" title=\"120231017_796254937836037_3498448440888336133_n\"><img src=\"http:\/\/zsp-lasin.pl\/wp-content\/uploads\/2020\/09\/120231017_796254937836037_3498448440888336133_n-202x160.jpg\" alt=\"120231017_796254937836037_3498448440888336133_n\" \/><\/a><\/div><div class=\"su-carousel-slide\"><a href=\"http:\/\/zsp-lasin.pl\/wp-content\/uploads\/2020\/09\/120246367_796254887836042_8060300356107489018_n.jpg\" title=\"120246367_796254887836042_8060300356107489018_n\"><img src=\"http:\/\/zsp-lasin.pl\/wp-content\/uploads\/2020\/09\/120246367_796254887836042_8060300356107489018_n-202x160.jpg\" alt=\"120246367_796254887836042_8060300356107489018_n\" \/><\/a><\/div><\/div><div class=\"su-carousel-nav\"><div class=\"su-carousel-direction\"><span class=\"su-carousel-prev\"><\/span><span class=\"su-carousel-next\"><\/span><\/div><div class=\"su-carousel-pagination\"><\/div><\/div><\/div><\/span><\/p>\n<p style=\"text-align: right;\"><span style=\"font-size: 8pt; color: #000000;\"><em>(\u017ar\u00f3d\u0142o:\u00a0 SP \u0141asin)<\/em><\/span><\/p>\n<hr \/>\n","protected":false},"excerpt":{"rendered":"<p>Rok szkolny 2020\/2021 Mistrzostwo\u00a0powiatu grudzi\u0105dzkiego Dnia 29 wrze\u015bnia zdobyli\u015bmy mistrzostwo powiatu grudzi\u0105dzkiego w pi\u0142ce no\u017cnej ch\u0142opc\u00f3w rocznik 2006- 2007. mecze w grupie: \u0141asin 10: 0 Szembruczek Gruta 3:2 Szembruczek \u0141asin 2:0 Gruta W finale wygrywamy po dogrywce. \u0141asin 2:0 Sztynwag (\u017ar\u00f3d\u0142o: SP \u0141asin) Zawody sportowe Pierwsze gminne zawody sportowe, pierwsze&hellip;<\/p>\n","protected":false},"author":1,"featured_media":0,"parent":0,"menu_order":0,"comment_status":"closed","ping_status":"closed","template":"","meta":[],"_links":{"self":[{"href":"http:\/\/zsp-lasin.pl\/index.php?rest_route=\/wp\/v2\/pages\/11318"}],"collection":[{"href":"http:\/\/zsp-lasin.pl\/index.php?rest_route=\/wp\/v2\/pages"}],"about":[{"href":"http:\/\/zsp-lasin.pl\/index.php?rest_route=\/wp\/v2\/types\/page"}],"author":[{"embeddable":true,"href":"http:\/\/zsp-lasin.pl\/index.php?rest_route=\/wp\/v2\/users\/1"}],"replies":[{"embeddable":true,"href":"http:\/\/zsp-lasin.pl\/index.php?rest_route=%2Fwp%2Fv2%2Fcomments&post=11318"}],"version-history":[{"count":1,"href":"http:\/\/zsp-lasin.pl\/index.php?rest_route=\/wp\/v2\/pages\/11318\/revisions"}],"predecessor-version":[{"id":11320,"href":"http:\/\/zsp-lasin.pl\/index.php?rest_route=\/wp\/v2\/pages\/11318\/revisions\/11320"}],"wp:attachment":[{"href":"http:\/\/zsp-lasin.pl\/index.php?rest_route=%2Fwp%2Fv2%2Fmedia&parent=11318"}],"curies":[{"name":"wp","href":"https:\/\/api.w.org\/{rel}","templated":true}]}}