{"id":12683,"date":"2022-02-11T18:37:38","date_gmt":"2022-02-11T18:37:38","guid":{"rendered":"http:\/\/zsp-lasin.pl\/?page_id=12683"},"modified":"2022-07-05T10:20:38","modified_gmt":"2022-07-05T10:20:38","slug":"laboratoria-przyszlosci","status":"publish","type":"page","link":"http:\/\/zsp-lasin.pl\/?page_id=12683","title":{"rendered":"Laboratoria Przysz\u0142o\u015bci"},"content":{"rendered":"<div class=\"cxmmr5t8 oygrvhab hcukyx3x c1et5uql o9v6fnle ii04i59q\">\n<div dir=\"auto\" style=\"text-align: justify;\"><span style=\"color: #000000;\"><a href=\"http:\/\/zsp-lasin.pl\/wp-content\/uploads\/2022\/02\/273532541_1117853185676209_648113624586218747_n.jpg\"><img fetchpriority=\"high\" class=\"size-medium wp-image-12660 aligncenter\" src=\"http:\/\/zsp-lasin.pl\/wp-content\/uploads\/2022\/02\/273532541_1117853185676209_648113624586218747_n-280x300.jpg\" alt=\"\" width=\"280\" height=\"300\" srcset=\"http:\/\/zsp-lasin.pl\/wp-content\/uploads\/2022\/02\/273532541_1117853185676209_648113624586218747_n-280x300.jpg 280w, http:\/\/zsp-lasin.pl\/wp-content\/uploads\/2022\/02\/273532541_1117853185676209_648113624586218747_n-768x823.jpg 768w, http:\/\/zsp-lasin.pl\/wp-content\/uploads\/2022\/02\/273532541_1117853185676209_648113624586218747_n-252x270.jpg 252w, http:\/\/zsp-lasin.pl\/wp-content\/uploads\/2022\/02\/273532541_1117853185676209_648113624586218747_n.jpg 896w\" sizes=\"(max-width: 280px) 100vw, 280px\" \/><\/a><\/span><\/div>\n<div dir=\"auto\">\n<div class=\"cxmmr5t8 oygrvhab hcukyx3x c1et5uql o9v6fnle ii04i59q\">\n<div dir=\"auto\"><\/div>\n<div dir=\"auto\"><\/div>\n<div dir=\"auto\" style=\"text-align: center;\"><strong><span style=\"color: #000000;\">INFORMACJA PO WYKORZYSTANIU POZOSTA\u0141YCH 15% \u015aRODK\u00d3W PRZYZNANYCH SZKOLE W RAMACH PROGRAMU<br \/>\n\u201eLABORATORIA PRZYSZ\u0141O\u015aCI\u201d<\/span><\/strong><\/div>\n<\/div>\n<div class=\"cxmmr5t8 oygrvhab hcukyx3x c1et5uql o9v6fnle ii04i59q\" style=\"text-align: justify;\">\n<div dir=\"auto\"><span style=\"color: #000000;\">Nasza szko\u0142a otrzyma\u0142a \u015brodki z Rz\u0105dowego Programu Laboratoria Przysz\u0142o\u015bci w kwocie 132900,00 z\u0142. Do grudnia 2021 zosta\u0142o wydane 85% \u015brodk\u00f3w, natomiast od pocz\u0105tku 2022 roku do ko\u0144ca czerwca 2022 wydano pozosta\u0142e 15 %.<\/span><\/div>\n<\/div>\n<div class=\"cxmmr5t8 oygrvhab hcukyx3x c1et5uql o9v6fnle ii04i59q\" style=\"text-align: justify;\">\n<div dir=\"auto\"><span style=\"color: #000000;\">Celem programu jest wsparcie szk\u00f3\u0142 podstawowych w budowaniu w\u015br\u00f3d uczni\u00f3w kompetencji przysz\u0142o\u015bci w kierunkach nauka, technologia, in\u017cynieria, sztuka oraz matematyka.<\/span><\/div>\n<\/div>\n<div class=\"cxmmr5t8 oygrvhab hcukyx3x c1et5uql o9v6fnle ii04i59q\" style=\"text-align: justify;\">\n<div dir=\"auto\"><span style=\"color: #000000;\">W naszej szkole \u015brodki te zosta\u0142y wykorzystane g\u0142\u00f3wnie na stworzenie nowoczesnej bazy nauczania techniki, fizyki i informatyki.<\/span><\/div>\n<\/div>\n<div class=\"cxmmr5t8 oygrvhab hcukyx3x c1et5uql o9v6fnle ii04i59q\">\n<div dir=\"auto\" style=\"text-align: justify;\"><span style=\"color: #000000;\">Z pozosta\u0142ych \u015brodk\u00f3w w roku 2022 w ramach programu Laboratoria Przysz\u0142o\u015bci zosta\u0142y zam\u00f3wione na kwot\u0119 19987.53 z\u0142 nast\u0119puj\u0105ce elementy wyposa\u017cenia sali:<\/span><\/div>\n<div dir=\"auto\" style=\"text-align: justify;\"><span style=\"color: #000000;\">&#8211; pi\u0142a ta\u015bmowa<\/span><\/div>\n<div dir=\"auto\" style=\"text-align: justify;\"><span style=\"color: #000000;\">&#8211; bezprzewodowy pistolety na klej<\/span><\/div>\n<div dir=\"auto\" style=\"text-align: justify;\"><span style=\"color: #000000;\">&#8211; wyparki do drewna<\/span><\/div>\n<div dir=\"auto\" style=\"text-align: justify;\"><span style=\"color: #000000;\">&#8211; suwmiarki<\/span><\/div>\n<div dir=\"auto\" style=\"text-align: justify;\"><span style=\"color: #000000;\">&#8211; zestawy tarnik\u00f3w<\/span><\/div>\n<div dir=\"auto\" style=\"text-align: justify;\"><span style=\"color: #000000;\">&#8211; takery<\/span><\/div>\n<div dir=\"auto\" style=\"text-align: justify;\"><span style=\"color: #000000;\">&#8211; zestawy wierte\u0142<\/span><\/div>\n<div dir=\"auto\" style=\"text-align: justify;\"><span style=\"color: #000000;\">&#8211; papiery \u015bcierne- nadstawki z lamp\u0105 LED do sto\u0142\u00f3w laboratoryjnych<\/span><\/div>\n<div dir=\"auto\" style=\"text-align: justify;\"><span style=\"color: #000000;\">&#8211; no\u017cyczki uniwersalne<\/span><\/div>\n<div dir=\"auto\" style=\"text-align: justify;\"><span style=\"color: #000000;\">&#8211; ig\u0142y do maszyny do szycia<\/span><\/div>\n<div dir=\"auto\" style=\"text-align: justify;\"><span style=\"color: #000000;\">&#8211; zestawy igie\u0142<\/span><\/div>\n<div dir=\"auto\" style=\"text-align: justify;\"><span style=\"color: #000000;\">&#8211; tablica sucho\u015bcieralna<\/span><\/div>\n<div dir=\"auto\" style=\"text-align: justify;\"><span style=\"color: #000000;\">&#8211; szpilki<\/span><\/div>\n<div dir=\"auto\" style=\"text-align: justify;\"><span style=\"color: #000000;\">&#8211; szyde\u0142ka<\/span><\/div>\n<div dir=\"auto\" style=\"text-align: justify;\"><span style=\"color: #000000;\">&#8211; druty dziewiarskie<\/span><\/div>\n<div dir=\"auto\" style=\"text-align: justify;\"><span style=\"color: #000000;\">&#8211; wiertarka<\/span><\/div>\n<div dir=\"auto\">\n<div dir=\"auto\"><span style=\"color: #000000;\">&#8211; \u017celazko<\/span><\/div>\n<div dir=\"auto\"><span style=\"color: #000000;\">\u0141\u0105cznie wydana kwota to 132 900,00 z\u0142.<\/span><\/div>\n<\/div>\n<div dir=\"auto\" style=\"text-align: justify;\"><\/div>\n<\/div>\n<\/div>\n<\/div>\n<div dir=\"auto\"><div id=\"su_carousel_69f8a18fd0c80\" class=\"su-carousel su-carousel-centered su-carousel-pages-no su-carousel-responsive-yes su-lightbox-gallery\" style=\"width:100%\" data-autoplay=\"5900\" data-speed=\"300\" data-mousewheel=\"true\" data-items=\"3\" data-scroll=\"1\"><div class=\"su-carousel-slides\"><div class=\"su-carousel-slide\"><a href=\"http:\/\/zsp-lasin.pl\/wp-content\/uploads\/2022\/07\/290828885_1207989633329230_2990476651940729458_n.jpg\" title=\"290828885_1207989633329230_2990476651940729458_n\"><img src=\"http:\/\/zsp-lasin.pl\/wp-content\/uploads\/2022\/07\/290828885_1207989633329230_2990476651940729458_n-202x160.jpg\" alt=\"290828885_1207989633329230_2990476651940729458_n\" \/><\/a><\/div><div class=\"su-carousel-slide\"><a href=\"http:\/\/zsp-lasin.pl\/wp-content\/uploads\/2022\/07\/290905814_1207989666662560_4144097673429317501_n.jpg\" title=\"290905814_1207989666662560_4144097673429317501_n\"><img src=\"http:\/\/zsp-lasin.pl\/wp-content\/uploads\/2022\/07\/290905814_1207989666662560_4144097673429317501_n-202x160.jpg\" alt=\"290905814_1207989666662560_4144097673429317501_n\" \/><\/a><\/div><div class=\"su-carousel-slide\"><a href=\"http:\/\/zsp-lasin.pl\/wp-content\/uploads\/2022\/07\/291041094_1207989859995874_6621311125713342796_n.jpg\" title=\"291041094_1207989859995874_6621311125713342796_n\"><img src=\"http:\/\/zsp-lasin.pl\/wp-content\/uploads\/2022\/07\/291041094_1207989859995874_6621311125713342796_n-202x160.jpg\" alt=\"291041094_1207989859995874_6621311125713342796_n\" \/><\/a><\/div><div class=\"su-carousel-slide\"><a href=\"http:\/\/zsp-lasin.pl\/wp-content\/uploads\/2022\/07\/291045513_1207989699995890_4340659639970913415_n.jpg\" title=\"291045513_1207989699995890_4340659639970913415_n\"><img src=\"http:\/\/zsp-lasin.pl\/wp-content\/uploads\/2022\/07\/291045513_1207989699995890_4340659639970913415_n-202x160.jpg\" alt=\"291045513_1207989699995890_4340659639970913415_n\" \/><\/a><\/div><div class=\"su-carousel-slide\"><a href=\"http:\/\/zsp-lasin.pl\/wp-content\/uploads\/2022\/07\/291324112_1207989899995870_6445170854298747395_n.jpg\" title=\"291324112_1207989899995870_6445170854298747395_n\"><img src=\"http:\/\/zsp-lasin.pl\/wp-content\/uploads\/2022\/07\/291324112_1207989899995870_6445170854298747395_n-202x160.jpg\" alt=\"291324112_1207989899995870_6445170854298747395_n\" \/><\/a><\/div><div class=\"su-carousel-slide\"><a href=\"http:\/\/zsp-lasin.pl\/wp-content\/uploads\/2022\/07\/291325996_1207989823329211_8099625341736342685_n.jpg\" title=\"291325996_1207989823329211_8099625341736342685_n\"><img src=\"http:\/\/zsp-lasin.pl\/wp-content\/uploads\/2022\/07\/291325996_1207989823329211_8099625341736342685_n-202x160.jpg\" alt=\"291325996_1207989823329211_8099625341736342685_n\" \/><\/a><\/div><div class=\"su-carousel-slide\"><a href=\"http:\/\/zsp-lasin.pl\/wp-content\/uploads\/2022\/07\/291451133_1207989939995866_8534640554945683298_n.jpg\" title=\"291451133_1207989939995866_8534640554945683298_n\"><img src=\"http:\/\/zsp-lasin.pl\/wp-content\/uploads\/2022\/07\/291451133_1207989939995866_8534640554945683298_n-202x160.jpg\" alt=\"291451133_1207989939995866_8534640554945683298_n\" \/><\/a><\/div><div class=\"su-carousel-slide\"><a href=\"http:\/\/zsp-lasin.pl\/wp-content\/uploads\/2022\/07\/291490520_1207989749995885_4588473225699120086_n.jpg\" title=\"291490520_1207989749995885_4588473225699120086_n\"><img src=\"http:\/\/zsp-lasin.pl\/wp-content\/uploads\/2022\/07\/291490520_1207989749995885_4588473225699120086_n-202x160.jpg\" alt=\"291490520_1207989749995885_4588473225699120086_n\" \/><\/a><\/div><div class=\"su-carousel-slide\"><a href=\"http:\/\/zsp-lasin.pl\/wp-content\/uploads\/2022\/07\/291491199_1207989783329215_4152875029687789675_n.jpg\" title=\"291491199_1207989783329215_4152875029687789675_n\"><img src=\"http:\/\/zsp-lasin.pl\/wp-content\/uploads\/2022\/07\/291491199_1207989783329215_4152875029687789675_n-202x160.jpg\" alt=\"291491199_1207989783329215_4152875029687789675_n\" \/><\/a><\/div><\/div><div class=\"su-carousel-nav\"><div class=\"su-carousel-direction\"><span class=\"su-carousel-prev\"><\/span><span class=\"su-carousel-next\"><\/span><\/div><div class=\"su-carousel-pagination\"><\/div><\/div><\/div><\/div>\n<div dir=\"auto\"><\/div>\n<div dir=\"auto\"><\/div>\n<div class=\"cxmmr5t8 oygrvhab hcukyx3x c1et5uql o9v6fnle ii04i59q\">\n<div dir=\"auto\" style=\"text-align: justify;\"><strong><span style=\"color: #000000;\">Nasza szko\u0142a otrzyma\u0142a \u015brodki z Rz\u0105dowego Programu Laboratoria Przysz\u0142o\u015bci w kwocie 132900,00 z\u0142.<\/span><\/strong><\/div>\n<div dir=\"auto\" style=\"text-align: justify;\"><span style=\"color: #000000;\">Celem programu jest wsparcie szk\u00f3\u0142 podstawowych w budowaniu w\u015br\u00f3d uczni\u00f3w kompetencji przysz\u0142o\u015bci w kierunkach nauka, technologia, in\u017cynieria, sztuka oraz matematyka.<\/span><\/div>\n<div dir=\"auto\" style=\"text-align: justify;\"><span style=\"color: #000000;\">W naszej szkole \u015brodki te b\u0119d\u0105 wykorzystane g\u0142\u00f3wnie na stworzenie nowoczesnej bazy nauczania techniki, fizyki i informatyki.<\/span><\/div>\n<div dir=\"auto\" style=\"text-align: justify;\"><span style=\"color: #000000;\">W chwili obecnej jeste\u015bmy w trakcie przygotowa\u0144 remontowych do nowoczesnej sali techniki i fizyki. Projekt sali zosta\u0142 przygotowany przez autora podstawy programowej z techniki, Pana Witolda Jakubka.<\/span><\/div>\n<div dir=\"auto\" style=\"text-align: justify;\"><span style=\"color: #000000;\">Z programu Laboratoria Przysz\u0142o\u015bci zosta\u0142o zam\u00f3wione kompleksowe wyposa\u017cenie sali na kt\u00f3re sk\u0142adaj\u0105 si\u0119:<\/span><\/div>\n<div dir=\"auto\" style=\"text-align: justify;\"><span style=\"color: #000000;\">&#8211; sto\u0142y warsztatowe dla uczni\u00f3w<\/span><\/div>\n<div dir=\"auto\" style=\"text-align: justify;\"><span style=\"color: #000000;\">&#8211; st\u00f3\u0142 demonstracyjny dla nauczyciela<\/span><\/div>\n<div dir=\"auto\" style=\"text-align: justify;\"><span style=\"color: #000000;\">&#8211; szafki narz\u0119dziowe na pomoce naukowe<\/span><\/div>\n<div dir=\"auto\" style=\"text-align: justify;\"><span style=\"color: #000000;\">&#8211; gabloty przeszklone<\/span><\/div>\n<div dir=\"auto\" style=\"text-align: justify;\"><span style=\"color: #000000;\">&#8211; pojemniki modu\u0142owe<\/span><\/div>\n<div dir=\"auto\" style=\"text-align: justify;\"><span style=\"color: #000000;\">&#8211; taborety regulowane dla uczni\u00f3w<\/span><\/div>\n<div dir=\"auto\" style=\"text-align: justify;\"><span style=\"color: #000000;\">&#8211; skrzynki narz\u0119dziowe z wyposa\u017ceniem<\/span><\/div>\n<div dir=\"auto\" style=\"text-align: justify;\"><span style=\"color: #000000;\">&#8211; wiertarko- wkr\u0119tarki<\/span><\/div>\n<div dir=\"auto\" style=\"text-align: justify;\"><span style=\"color: #000000;\">&#8211; wiertarki sto\u0142owe<\/span><\/div>\n<div dir=\"auto\" style=\"text-align: justify;\"><span style=\"color: #000000;\">&#8211; szlifierka tarczowa<\/span><\/div>\n<div dir=\"auto\" style=\"text-align: justify;\"><span style=\"color: #000000;\">&#8211; wyrzynarka sto\u0142owa<\/span><\/div>\n<div dir=\"auto\" style=\"text-align: justify;\"><span style=\"color: #000000;\">&#8211; bezprzewodowe pistolety do klejenia<\/span><\/div>\n<div dir=\"auto\" style=\"text-align: justify;\"><span style=\"color: #000000;\">&#8211; gogle przeciwodpryskowe<\/span><\/div>\n<div dir=\"auto\" style=\"text-align: justify;\"><span style=\"color: #000000;\">&#8211; instrukcje BHP<\/span><\/div>\n<div dir=\"auto\" style=\"text-align: justify;\"><span style=\"color: #000000;\">&#8211; drukarka 3D<\/span><\/div>\n<div dir=\"auto\" style=\"text-align: justify;\"><span style=\"color: #000000;\">&#8211; mikrokontroler<\/span><\/div>\n<div dir=\"auto\" style=\"text-align: justify;\"><span style=\"color: #000000;\">&#8211; stacja lutownicza z grotem<\/span><\/div>\n<div dir=\"auto\" style=\"text-align: justify;\"><span style=\"color: #000000;\">&#8211; aparat fotograficzny<\/span><\/div>\n<div dir=\"auto\" style=\"text-align: justify;\"><span style=\"color: #000000;\">&#8211; kamera<\/span><\/div>\n<div dir=\"auto\" style=\"text-align: justify;\"><span style=\"color: #000000;\">&#8211; lampy \u015bwiat\u0142a ci\u0105g\u0142ego<\/span><\/div>\n<div dir=\"auto\" style=\"text-align: justify;\"><span style=\"color: #000000;\">&#8211; statyw do aparat\u00f3w i kamer<\/span><\/div>\n<div dir=\"auto\" style=\"text-align: justify;\"><span style=\"color: #000000;\">&#8211; mikrofon kierunkowy<\/span><\/div>\n<div dir=\"auto\" style=\"text-align: justify;\"><span style=\"color: #000000;\">&#8211; mikropory<\/span><\/div>\n<div dir=\"auto\" style=\"text-align: justify;\"><span style=\"color: #000000;\">&#8211; gimbal do aparatu i kamery<\/span><\/div>\n<div dir=\"auto\" style=\"text-align: justify;\"><span style=\"color: #000000;\">&#8211; laptop do obs\u0142ugi drukarki 3D<\/span><\/div>\n<div dir=\"auto\" style=\"text-align: justify;\"><span style=\"color: #000000;\">-maszyny do szycia<\/span><\/div>\n<div dir=\"auto\" style=\"text-align: justify;\"><span style=\"color: #000000;\">&#8211; lod\u00f3wka<\/span><\/div>\n<div dir=\"auto\" style=\"text-align: justify;\"><span style=\"color: #000000;\">&#8211; zlew dwukomorowy z bateri\u0105<\/span><\/div>\n<div dir=\"auto\" style=\"text-align: justify;\"><span style=\"color: #000000;\">&#8211; patelnie do sma\u017cenia<\/span><\/div>\n<\/div>\n<div class=\"cxmmr5t8 oygrvhab hcukyx3x c1et5uql o9v6fnle ii04i59q\" style=\"text-align: justify;\">\n<div dir=\"auto\"><span style=\"color: #000000;\">Szko\u0142a dysponuje jeszcze \u015brodkami do wykorzystania, kt\u00f3re b\u0119d\u0105 wydane na zakup sprz\u0119tu zgodnie z Katalogiem Wyposa\u017cenia opublikowanym przez MEiN.<\/span><\/div>\n<\/div>\n<div class=\"cxmmr5t8 oygrvhab hcukyx3x c1et5uql o9v6fnle ii04i59q\">\n<div dir=\"auto\" style=\"text-align: justify;\"><span style=\"color: #000000;\">W przygotowanie remontu sali w kt\u00f3rej b\u0119dzie mie\u015bci\u0142a si\u0119 nowoczesna pracownia, szko\u0142\u0119 bardzo wspomaga Organ Prowadz\u0105cy, za co jeste\u015bmy bardzo wdzi\u0119czni, poniewa\u017c bez wsparcia lokalnych w\u0142adz nie uda\u0142o by si\u0119 tyle osi\u0105gn\u0105\u0107.<\/span><\/div>\n<div dir=\"auto\"><div id=\"su_carousel_69f8a18fd1c4a\" class=\"su-carousel su-carousel-centered su-carousel-pages-no su-carousel-responsive-yes su-lightbox-gallery\" style=\"width:100%\" data-autoplay=\"5900\" data-speed=\"300\" data-mousewheel=\"true\" data-items=\"3\" data-scroll=\"1\"><div class=\"su-carousel-slides\"><div class=\"su-carousel-slide\"><a href=\"http:\/\/zsp-lasin.pl\/wp-content\/uploads\/2022\/02\/273219986_1117853309009530_5598563523266714207_n.jpg\" title=\"273219986_1117853309009530_5598563523266714207_n\"><img src=\"http:\/\/zsp-lasin.pl\/wp-content\/uploads\/2022\/02\/273219986_1117853309009530_5598563523266714207_n-202x160.jpg\" alt=\"273219986_1117853309009530_5598563523266714207_n\" \/><\/a><\/div><div class=\"su-carousel-slide\"><a href=\"http:\/\/zsp-lasin.pl\/wp-content\/uploads\/2022\/02\/273282220_1117853389009522_8045755112060704693_n.jpg\" title=\"273282220_1117853389009522_8045755112060704693_n\"><img src=\"http:\/\/zsp-lasin.pl\/wp-content\/uploads\/2022\/02\/273282220_1117853389009522_8045755112060704693_n-202x160.jpg\" alt=\"273282220_1117853389009522_8045755112060704693_n\" \/><\/a><\/div><div class=\"su-carousel-slide\"><a href=\"http:\/\/zsp-lasin.pl\/wp-content\/uploads\/2022\/02\/273453210_1117853352342859_331056297556973339_n.jpg\" title=\"273453210_1117853352342859_331056297556973339_n\"><img src=\"http:\/\/zsp-lasin.pl\/wp-content\/uploads\/2022\/02\/273453210_1117853352342859_331056297556973339_n-202x160.jpg\" alt=\"273453210_1117853352342859_331056297556973339_n\" \/><\/a><\/div><div class=\"su-carousel-slide\"><a href=\"http:\/\/zsp-lasin.pl\/wp-content\/uploads\/2022\/02\/273827855_1117853222342872_8348556616403099193_n.jpg\" title=\"273827855_1117853222342872_8348556616403099193_n\"><img src=\"http:\/\/zsp-lasin.pl\/wp-content\/uploads\/2022\/02\/273827855_1117853222342872_8348556616403099193_n-202x160.jpg\" alt=\"273827855_1117853222342872_8348556616403099193_n\" \/><\/a><\/div><div class=\"su-carousel-slide\"><a href=\"http:\/\/zsp-lasin.pl\/wp-content\/uploads\/2022\/02\/273050816_1117853259009535_2820720758493422803_n.jpg\" title=\"273050816_1117853259009535_2820720758493422803_n\"><img src=\"http:\/\/zsp-lasin.pl\/wp-content\/uploads\/2022\/02\/273050816_1117853259009535_2820720758493422803_n-202x160.jpg\" alt=\"273050816_1117853259009535_2820720758493422803_n\" \/><\/a><\/div><div class=\"su-carousel-slide\"><a href=\"http:\/\/zsp-lasin.pl\/wp-content\/uploads\/2022\/02\/273489530_1117853482342846_3940373927055155304_n.jpg\" title=\"273489530_1117853482342846_3940373927055155304_n\"><img src=\"http:\/\/zsp-lasin.pl\/wp-content\/uploads\/2022\/02\/273489530_1117853482342846_3940373927055155304_n-202x160.jpg\" alt=\"273489530_1117853482342846_3940373927055155304_n\" \/><\/a><\/div><div class=\"su-carousel-slide\"><a href=\"http:\/\/zsp-lasin.pl\/wp-content\/uploads\/2022\/02\/273627494_1117853419009519_2560921679503863096_n.jpg\" title=\"273627494_1117853419009519_2560921679503863096_n\"><img src=\"http:\/\/zsp-lasin.pl\/wp-content\/uploads\/2022\/02\/273627494_1117853419009519_2560921679503863096_n-202x160.jpg\" alt=\"273627494_1117853419009519_2560921679503863096_n\" \/><\/a><\/div><\/div><div class=\"su-carousel-nav\"><div class=\"su-carousel-direction\"><span class=\"su-carousel-prev\"><\/span><span class=\"su-carousel-next\"><\/span><\/div><div class=\"su-carousel-pagination\"><\/div><\/div><\/div><\/div>\n<div dir=\"auto\" style=\"text-align: right;\"><span style=\"font-size: 8pt; color: #000000;\"><em>(\u017ar\u00f3d\u0142o: SP \u0141asin)<\/em><\/span><\/div>\n<\/div>\n<div dir=\"auto\">\n<p>&nbsp;<\/p>\n<p><span style=\"color: #000000;\"><strong>INFORMACJA PO WYKORZYSTANIU 60 % \u015aRODK\u00d3W PRZYZNANYCH SZKOLE W RAMACH PROGRAMU \u201eLABORATORIA PRZYSZ\u0141O\u015aCI\u201d<\/strong><\/span><\/p>\n<p>&nbsp;<\/p>\n<p><span style=\"color: #000000;\"><strong>Nasza szko\u0142a otrzyma\u0142a \u015brodki z Rz\u0105dowego Programu Laboratoria Przysz\u0142o\u015bci w kwocie 132900,00 z\u0142.<\/strong><\/span><\/p>\n<p><span style=\"color: #000000;\">Celem programu jest wsparcie szk\u00f3\u0142 podstawowych w budowaniu w\u015br\u00f3d uczni\u00f3w kompetencji przysz\u0142o\u015bci w kierunkach nauka, technologia, in\u017cynieria, sztuka oraz matematyka.<\/span><\/p>\n<p><span style=\"color: #000000;\">W naszej szkole \u015brodki te b\u0119d\u0105 wykorzystane g\u0142\u00f3wnie na stworzenie nowoczesnej bazy nauczania techniki, fizyki i informatyki.<\/span><\/p>\n<p><span style=\"color: #000000;\">Z programu Laboratoria Przysz\u0142o\u015bci zosta\u0142o zam\u00f3wione kompleksowe wyposa\u017cenie sali na kt\u00f3re sk\u0142adaj\u0105 si\u0119:<\/span><\/p>\n<p><span style=\"color: #000000;\">&#8211; sto\u0142y warsztatowe dla uczni\u00f3w<\/span><\/p>\n<p><span style=\"color: #000000;\">&#8211; st\u00f3\u0142 demonstracyjny dla nauczyciela<\/span><\/p>\n<p><span style=\"color: #000000;\">&#8211; szafki narz\u0119dziowe na pomoce naukowe<\/span><\/p>\n<p><span style=\"color: #000000;\">&#8211; gabloty przeszklone<\/span><\/p>\n<p><span style=\"color: #000000;\">&#8211; pojemniki modu\u0142owe<\/span><\/p>\n<p><span style=\"color: #000000;\">&#8211; taborety regulowane dla uczni\u00f3w<\/span><\/p>\n<p><span style=\"color: #000000;\">&#8211; skrzynki narz\u0119dziowe z wyposa\u017ceniem<\/span><\/p>\n<p><span style=\"color: #000000;\">&#8211; wiertarko- wkr\u0119tarki<\/span><\/p>\n<p><span style=\"color: #000000;\">&#8211; wiertarki sto\u0142owe<\/span><\/p>\n<p><span style=\"color: #000000;\">&#8211; szlifierka tarczowa<\/span><\/p>\n<p><span style=\"color: #000000;\">&#8211; wyrzynarka sto\u0142owa<\/span><\/p>\n<p><span style=\"color: #000000;\">&#8211; bezprzewodowe pistolety do klejenia<\/span><\/p>\n<p><span style=\"color: #000000;\">&#8211; gogle przeciwodpryskowe<\/span><\/p>\n<p><span style=\"color: #000000;\">&#8211; instrukcje BHP<\/span><\/p>\n<p><span style=\"color: #000000;\">&#8211; drukarka 3D<\/span><\/p>\n<p><span style=\"color: #000000;\">&#8211; mikrokontroler<\/span><\/p>\n<p><span style=\"color: #000000;\">&#8211; stacja lutownicza z grotem<\/span><\/p>\n<p><span style=\"color: #000000;\">&#8211; aparat fotograficzny<\/span><\/p>\n<p><span style=\"color: #000000;\">&#8211; kamera<\/span><\/p>\n<p><span style=\"color: #000000;\">&#8211; lampy \u015bwiat\u0142a ci\u0105g\u0142ego<\/span><\/p>\n<p><span style=\"color: #000000;\">&#8211; statyw do aparat\u00f3w i kamer<\/span><\/p>\n<p><span style=\"color: #000000;\">&#8211; mikrofon kierunkowy<\/span><\/p>\n<p><span style=\"color: #000000;\">&#8211; mikroporty<\/span><\/p>\n<p><span style=\"color: #000000;\">&#8211; gimbal do aparatu i kamery<\/span><\/p>\n<p><span style=\"color: #000000;\">&#8211; laptop do obs\u0142ugi drukarki 3D<\/span><\/p>\n<p><span style=\"color: #000000;\">-maszyny do szycia<\/span><\/p>\n<p><span style=\"color: #000000;\">&#8211; lod\u00f3wka<\/span><\/p>\n<p><span style=\"color: #000000;\">&#8211; zlew dwukomorowy z bateri\u0105<\/span><\/p>\n<p><span style=\"color: #000000;\">&#8211; patelnie do sma\u017cenia<\/span><\/p>\n<p><span style=\"color: #000000;\"><strong>\u015arodki wydane do tej pory na wy\u017cej wymieniony sprz\u0119t to 112798,12 z\u0142.<\/strong><\/span><\/p>\n<p><span style=\"color: #000000;\">Szko\u0142a dysponuje jeszcze \u015brodkami do wykorzystania, kt\u00f3re b\u0119d\u0105 wydane na zakup sprz\u0119tu zgodnie z Katalogiem Wyposa\u017cenia opublikowanym przez MEiN.<\/span><\/p>\n<p><a href=\"http:\/\/zsp-lasin.pl\/wp-content\/uploads\/2022\/04\/zalacznik1.3.pdf\">zalacznik1.3<\/a><\/p>\n<p>&nbsp;<\/p>\n<\/div>\n","protected":false},"excerpt":{"rendered":"<p>INFORMACJA PO WYKORZYSTANIU POZOSTA\u0141YCH 15% \u015aRODK\u00d3W PRZYZNANYCH SZKOLE W RAMACH PROGRAMU \u201eLABORATORIA PRZYSZ\u0141O\u015aCI\u201d Nasza szko\u0142a otrzyma\u0142a \u015brodki z Rz\u0105dowego Programu Laboratoria Przysz\u0142o\u015bci w kwocie 132900,00 z\u0142. Do grudnia 2021 zosta\u0142o wydane 85% \u015brodk\u00f3w, natomiast od pocz\u0105tku 2022 roku do ko\u0144ca czerwca 2022 wydano pozosta\u0142e 15 %. Celem programu jest wsparcie&hellip;<\/p>\n","protected":false},"author":1,"featured_media":0,"parent":0,"menu_order":0,"comment_status":"closed","ping_status":"closed","template":"","meta":[],"_links":{"self":[{"href":"http:\/\/zsp-lasin.pl\/index.php?rest_route=\/wp\/v2\/pages\/12683"}],"collection":[{"href":"http:\/\/zsp-lasin.pl\/index.php?rest_route=\/wp\/v2\/pages"}],"about":[{"href":"http:\/\/zsp-lasin.pl\/index.php?rest_route=\/wp\/v2\/types\/page"}],"author":[{"embeddable":true,"href":"http:\/\/zsp-lasin.pl\/index.php?rest_route=\/wp\/v2\/users\/1"}],"replies":[{"embeddable":true,"href":"http:\/\/zsp-lasin.pl\/index.php?rest_route=%2Fwp%2Fv2%2Fcomments&post=12683"}],"version-history":[{"count":13,"href":"http:\/\/zsp-lasin.pl\/index.php?rest_route=\/wp\/v2\/pages\/12683\/revisions"}],"predecessor-version":[{"id":14830,"href":"http:\/\/zsp-lasin.pl\/index.php?rest_route=\/wp\/v2\/pages\/12683\/revisions\/14830"}],"wp:attachment":[{"href":"http:\/\/zsp-lasin.pl\/index.php?rest_route=%2Fwp%2Fv2%2Fmedia&parent=12683"}],"curies":[{"name":"wp","href":"https:\/\/api.w.org\/{rel}","templated":true}]}}