{"id":589,"date":"2015-02-24T18:34:41","date_gmt":"2015-02-24T18:34:41","guid":{"rendered":"http:\/\/zsp-lasin.pl\/edukacja_wczesnoszkolna\/?page_id=589"},"modified":"2016-03-06T14:09:37","modified_gmt":"2016-03-06T14:09:37","slug":"sko","status":"publish","type":"page","link":"http:\/\/zsp-lasin.pl\/?page_id=589","title":{"rendered":"Szkolna Kasa Oszcz\u0119dno\u015bci"},"content":{"rendered":"<p style=\"text-align: justify;\">Szkolna Kasa Oszcz\u0119dno\u015bci przy Zespole Szk\u00f3\u0142 Publicznych &#8211; Szkole Podstawowej &#8211; w \u0141asinie rozpocz\u0119\u0142a dzia\u0142alno\u015b\u0107 w grudniu 2010 roku. Od pocz\u0105tku dzia\u0142a pod patronatem Banku Sp\u00f3\u0142dzielczego w \u0141asinie. Opiekunami SKO s\u0105 p. El\u017cbieta Gizi\u0144ska \u2013 Firlit i p. Maria Rutkowska.<\/p>\n<p><a href=\"http:\/\/zsp-lasin.pl\/edukacja_wczesnoszkolna\/wp-content\/uploads\/2016\/03\/SZKOLNA_KASA_OSZCZEDNOSCI.pdf\">Czytaj&gt;&gt;&gt;<\/a><\/p>\n","protected":false},"excerpt":{"rendered":"<p>Szkolna Kasa Oszcz\u0119dno\u015bci przy Zespole Szk\u00f3\u0142 Publicznych &#8211; Szkole Podstawowej &#8211; w \u0141asinie rozpocz\u0119\u0142a dzia\u0142alno\u015b\u0107 w grudniu 2010 roku. Od pocz\u0105tku dzia\u0142a pod patronatem Banku Sp\u00f3\u0142dzielczego w \u0141asinie. Opiekunami SKO s\u0105 p. El\u017cbieta Gizi\u0144ska \u2013 Firlit i p. Maria Rutkowska. Czytaj&gt;&gt;&gt;<\/p>\n","protected":false},"author":1,"featured_media":0,"parent":0,"menu_order":0,"comment_status":"closed","ping_status":"closed","template":"","meta":[],"_links":{"self":[{"href":"http:\/\/zsp-lasin.pl\/index.php?rest_route=\/wp\/v2\/pages\/589"}],"collection":[{"href":"http:\/\/zsp-lasin.pl\/index.php?rest_route=\/wp\/v2\/pages"}],"about":[{"href":"http:\/\/zsp-lasin.pl\/index.php?rest_route=\/wp\/v2\/types\/page"}],"author":[{"embeddable":true,"href":"http:\/\/zsp-lasin.pl\/index.php?rest_route=\/wp\/v2\/users\/1"}],"replies":[{"embeddable":true,"href":"http:\/\/zsp-lasin.pl\/index.php?rest_route=%2Fwp%2Fv2%2Fcomments&post=589"}],"version-history":[{"count":4,"href":"http:\/\/zsp-lasin.pl\/index.php?rest_route=\/wp\/v2\/pages\/589\/revisions"}],"predecessor-version":[{"id":1294,"href":"http:\/\/zsp-lasin.pl\/index.php?rest_route=\/wp\/v2\/pages\/589\/revisions\/1294"}],"wp:attachment":[{"href":"http:\/\/zsp-lasin.pl\/index.php?rest_route=%2Fwp%2Fv2%2Fmedia&parent=589"}],"curies":[{"name":"wp","href":"https:\/\/api.w.org\/{rel}","templated":true}]}}